{"id":559,"date":"2025-03-14T11:23:22","date_gmt":"2025-03-14T10:23:22","guid":{"rendered":"https:\/\/kridifosch.uol.de\/?page_id=559"},"modified":"2025-03-14T11:39:05","modified_gmt":"2025-03-14T10:39:05","slug":"2022-3","status":"publish","type":"page","link":"https:\/\/kridifosch.uol.de\/?page_id=559","title":{"rendered":"< 2024 >\u00a0"},"content":{"rendered":"\t\t<div data-elementor-type=\"wp-page\" data-elementor-id=\"559\" class=\"elementor elementor-559\">\n\t\t\t\t\t\t<section class=\"elementor-section elementor-top-section elementor-element elementor-element-ccacef2 elementor-section-boxed elementor-section-height-default elementor-section-height-default\" data-id=\"ccacef2\" data-element_type=\"section\" data-e-type=\"section\">\n\t\t\t\t\t\t<div class=\"elementor-container elementor-column-gap-default\">\n\t\t\t\t\t<div class=\"elementor-column elementor-col-100 elementor-top-column elementor-element elementor-element-d52c37e\" data-id=\"d52c37e\" data-element_type=\"column\" data-e-type=\"column\">\n\t\t\t<div class=\"elementor-widget-wrap elementor-element-populated\">\n\t\t\t\t\t\t<div class=\"elementor-element elementor-element-5123f4c elementor-widget elementor-widget-text-editor\" data-id=\"5123f4c\" data-element_type=\"widget\" data-e-type=\"widget\" data-widget_type=\"text-editor.default\">\n\t\t\t\t<div class=\"elementor-widget-container\">\n\t\t\t\t\t\t\t\t\t<h2>Programm<\/h2>\n<p>Liebe Nachwuchswissenschafter*innen,<\/p>\n<p>in nicht mal einem Monat ist es soweit: Wir laden ein zu unserem<\/p>\n<p><strong>KriDiFoSch Netzwerktag 2024 am 06.11.2024 von 10:00 bis 16:00 Uhr <\/strong>zum Thema \u201eBildungstechnologien und Planetare Gerechtigkeit\u201c!\u00a0<\/p>\n<p>Der Tag findet wie bisher online und kostenlos statt, um eine einfache Teilnahme f\u00fcr m\u00f6glichst viele von euch zu erm\u00f6glichen. Gef\u00f6rdert werden wir in diesem Jahr von der UGO e.V., die uns bei der Finanzierung der Tagungspakete und der Keynote von Prof.in Juliane Engel mit dem Titel \u201e<strong>Imagining Futures &#8211; postdigitale Subjektivierung in planetaren Gesellschaften<\/strong>\u201c unterst\u00fctzt. Das volle Programm findet ihr im Anhang. Es wird auch wieder m\u00f6glich sein, nur an Teilen des Programms teilzunehmen.<\/p>\n<p>Wenn ihr teilnehmen m\u00f6chtet, bitten wir euch um eine <strong>Mail bis zum 27.10.2024 <\/strong>an <a title=\"mailto:julie.luepkes@uol.de\" href=\"mailto:julie.luepkes@uol.de\">julie.luepkes@uol.de<\/a> mit den folgenden Angaben:<\/p>\n<ul>\n<li>Vor- und Nachname, Institution, Forschungsschwerpunkte<\/li>\n<li>Adresse, an die wir das Tagungspaket senden sollen<\/li>\n<li>Workshop-Pr\u00e4ferenz (siehe unten)<\/li>\n<\/ul>\n<p>Wir freuen uns schon sehr, euch virtuell an der Uni Oldenburg begr\u00fc\u00dfen zu d\u00fcrfen!<\/p>\n<p>\u00a0<\/p>\n<p>Liebe Gr\u00fc\u00dfe,<\/p>\n<p>Dr. Carmen Flury, Felix B\u00fcchner und Julie L\u00fcpkes<\/p>\n<p>Fachgruppe Digitale Bildung in der Schule<\/p>\n<p>Institut f\u00fcr P\u00e4dagogik<\/p>\n<p>Carl von Ossietzky Universit\u00e4t Oldenburg<\/p>\t\t\t\t\t\t\t\t<\/div>\n\t\t\t\t<\/div>\n\t\t\t\t\t<\/div>\n\t\t<\/div>\n\t\t\t\t\t<\/div>\n\t\t<\/section>\n\t\t\t\t<section class=\"elementor-section elementor-top-section elementor-element elementor-element-aca7511 elementor-section-boxed elementor-section-height-default elementor-section-height-default\" data-id=\"aca7511\" data-element_type=\"section\" data-e-type=\"section\">\n\t\t\t\t\t\t<div class=\"elementor-container elementor-column-gap-default\">\n\t\t\t\t\t<div class=\"elementor-column elementor-col-100 elementor-top-column elementor-element elementor-element-099400d\" data-id=\"099400d\" data-element_type=\"column\" data-e-type=\"column\">\n\t\t\t<div class=\"elementor-widget-wrap elementor-element-populated\">\n\t\t\t\t\t\t<div class=\"elementor-element elementor-element-173d08a elementor-widget elementor-widget-image\" data-id=\"173d08a\" data-element_type=\"widget\" data-e-type=\"widget\" data-widget_type=\"image.default\">\n\t\t\t\t<div class=\"elementor-widget-container\">\n\t\t\t\t\t\t\t\t\t\t\t\t\t\t\t<img fetchpriority=\"high\" decoding=\"async\" width=\"629\" height=\"839\" src=\"https:\/\/kridifosch.uol.de\/wp-content\/uploads\/2025\/03\/241008_Programmentwurf-Netzwerktag-24.jpg\" class=\"attachment-large size-large wp-image-566\" alt=\"\" srcset=\"https:\/\/kridifosch.uol.de\/wp-content\/uploads\/2025\/03\/241008_Programmentwurf-Netzwerktag-24.jpg 756w, https:\/\/kridifosch.uol.de\/wp-content\/uploads\/2025\/03\/241008_Programmentwurf-Netzwerktag-24-225x300.jpg 225w\" sizes=\"(max-width: 629px) 100vw, 629px\" \/>\t\t\t\t\t\t\t\t\t\t\t\t\t\t\t<\/div>\n\t\t\t\t<\/div>\n\t\t\t\t\t<\/div>\n\t\t<\/div>\n\t\t\t\t\t<\/div>\n\t\t<\/section>\n\t\t\t\t<\/div>\n\t\t","protected":false},"excerpt":{"rendered":"<p>Programm Liebe Nachwuchswissenschafter*innen, in nicht mal einem Monat ist es soweit: Wir laden ein zu unserem KriDiFoSch Netzwerktag 2024 am 06.11.2024 von 10:00 bis 16:00 Uhr zum Thema \u201eBildungstechnologien und Planetare Gerechtigkeit\u201c!\u00a0 Der Tag findet wie bisher online und kostenlos statt, um eine einfache Teilnahme f\u00fcr m\u00f6glichst viele von euch zu erm\u00f6glichen. Gef\u00f6rdert werden wir [&hellip;]<\/p>\n","protected":false},"author":6,"featured_media":0,"parent":460,"menu_order":0,"comment_status":"closed","ping_status":"closed","template":"","meta":{"footnotes":""},"class_list":["post-559","page","type-page","status-publish","hentry"],"_links":{"self":[{"href":"https:\/\/kridifosch.uol.de\/index.php?rest_route=\/wp\/v2\/pages\/559","targetHints":{"allow":["GET"]}}],"collection":[{"href":"https:\/\/kridifosch.uol.de\/index.php?rest_route=\/wp\/v2\/pages"}],"about":[{"href":"https:\/\/kridifosch.uol.de\/index.php?rest_route=\/wp\/v2\/types\/page"}],"author":[{"embeddable":true,"href":"https:\/\/kridifosch.uol.de\/index.php?rest_route=\/wp\/v2\/users\/6"}],"replies":[{"embeddable":true,"href":"https:\/\/kridifosch.uol.de\/index.php?rest_route=%2Fwp%2Fv2%2Fcomments&post=559"}],"version-history":[{"count":6,"href":"https:\/\/kridifosch.uol.de\/index.php?rest_route=\/wp\/v2\/pages\/559\/revisions"}],"predecessor-version":[{"id":569,"href":"https:\/\/kridifosch.uol.de\/index.php?rest_route=\/wp\/v2\/pages\/559\/revisions\/569"}],"up":[{"embeddable":true,"href":"https:\/\/kridifosch.uol.de\/index.php?rest_route=\/wp\/v2\/pages\/460"}],"wp:attachment":[{"href":"https:\/\/kridifosch.uol.de\/index.php?rest_route=%2Fwp%2Fv2%2Fmedia&parent=559"}],"curies":[{"name":"wp","href":"https:\/\/api.w.org\/{rel}","templated":true}]}}

<div data-elementor-type="wp-page" data-elementor-id="559" class="elementor elementor-559">
						<section class="elementor-section elementor-top-section elementor-element elementor-element-ccacef2 elementor-section-boxed elementor-section-height-default elementor-section-height-default" data-id="ccacef2" data-element_type="section" data-e-type="section">
						<div class="elementor-container elementor-column-gap-default">
					<div class="elementor-column elementor-col-100 elementor-top-column elementor-element elementor-element-d52c37e" data-id="d52c37e" data-element_type="column" data-e-type="column">
			<div class="elementor-widget-wrap elementor-element-populated">
						<div class="elementor-element elementor-element-5123f4c elementor-widget elementor-widget-text-editor" data-id="5123f4c" data-element_type="widget" data-e-type="widget" data-widget_type="text-editor.default">
				<div class="elementor-widget-container">
									<h2>Programm</h2>
<p>Liebe Nachwuchswissenschafter*innen,</p>
<p>in nicht mal einem Monat ist es soweit: Wir laden ein zu unserem</p>
<p><strong>KriDiFoSch Netzwerktag 2024 am 06.11.2024 von 10:00 bis 16:00 Uhr </strong>zum Thema „Bildungstechnologien und Planetare Gerechtigkeit“! </p>
<p>Der Tag findet wie bisher online und kostenlos statt, um eine einfache Teilnahme für möglichst viele von euch zu ermöglichen. Gefördert werden wir in diesem Jahr von der UGO e.V., die uns bei der Finanzierung der Tagungspakete und der Keynote von Prof.in Juliane Engel mit dem Titel „<strong>Imagining Futures &#8211; postdigitale Subjektivierung in planetaren Gesellschaften</strong>“ unterstützt. Das volle Programm findet ihr im Anhang. Es wird auch wieder möglich sein, nur an Teilen des Programms teilzunehmen.</p>
<p>Wenn ihr teilnehmen möchtet, bitten wir euch um eine <strong>Mail bis zum 27.10.2024 </strong>an <a title="mailto:julie.luepkes@uol.de" href="mailto:julie.luepkes@uol.de">julie.luepkes@uol.de</a> mit den folgenden Angaben:</p>
<ul>
<li>Vor- und Nachname, Institution, Forschungsschwerpunkte</li>
<li>Adresse, an die wir das Tagungspaket senden sollen</li>
<li>Workshop-Präferenz (siehe unten)</li>
</ul>
<p>Wir freuen uns schon sehr, euch virtuell an der Uni Oldenburg begrüßen zu dürfen!</p>
<p> </p>
<p>Liebe Grüße,</p>
<p>Dr. Carmen Flury, Felix Büchner und Julie Lüpkes</p>
<p>Fachgruppe Digitale Bildung in der Schule</p>
<p>Institut für Pädagogik</p>
<p>Carl von Ossietzky Universität Oldenburg</p>								</div>
				</div>
					</div>
		</div>
					</div>
		</section>
				<section class="elementor-section elementor-top-section elementor-element elementor-element-aca7511 elementor-section-boxed elementor-section-height-default elementor-section-height-default" data-id="aca7511" data-element_type="section" data-e-type="section">
						<div class="elementor-container elementor-column-gap-default">
					<div class="elementor-column elementor-col-100 elementor-top-column elementor-element elementor-element-099400d" data-id="099400d" data-element_type="column" data-e-type="column">
			<div class="elementor-widget-wrap elementor-element-populated">
						<div class="elementor-element elementor-element-173d08a elementor-widget elementor-widget-image" data-id="173d08a" data-element_type="widget" data-e-type="widget" data-widget_type="image.default">
				<div class="elementor-widget-container">
															<img fetchpriority="high" decoding="async" width="629" height="839" src="https://kridifosch.uol.de/wp-content/uploads/2025/03/241008_Programmentwurf-Netzwerktag-24.jpg" class="attachment-large size-large wp-image-566" alt="" srcset="https://kridifosch.uol.de/wp-content/uploads/2025/03/241008_Programmentwurf-Netzwerktag-24.jpg 756w, https://kridifosch.uol.de/wp-content/uploads/2025/03/241008_Programmentwurf-Netzwerktag-24-225x300.jpg 225w" sizes="(max-width: 629px) 100vw, 629px" />															</div>
				</div>
					</div>
		</div>
					</div>
		</section>
				</div>

<p>Programm Liebe Nachwuchswissenschafter*innen, in nicht mal einem Monat ist es soweit: Wir laden ein zu unserem KriDiFoSch Netzwerktag 2024 am 06.11.2024 von 10:00 bis 16:00 Uhr zum Thema „Bildungstechnologien und Planetare Gerechtigkeit“!  Der Tag findet wie bisher online und kostenlos statt, um eine einfache Teilnahme für möglichst viele von euch zu ermöglichen. Gefördert werden wir [&hellip;]</p>
